me factors of f.
2, 547
Let f be 3493/21*6/2. Let n = f + -407. What are the prime factors of n?
2, 23
List the prime factors of 5 + (-4 - (-16)/(-2)) + 3300.
37, 89
Suppose -5*d + 211 = -4269. List the prime factors of d.
2, 7
Let f(u) = 62*u - 5. Let i(q) = -q**2 + 9*q - 5. Let m be i(4). Suppose 0 = -m*j + 5*j + 20. List the prime factors of f(j).
7, 17
Let l(k) = -k**3 + 9*k**2 - 9*k + 10. Let a be l(8). Suppose 14*q + 1353 = 17*q + a*n, -4*q - n = -1804. What are the prime factors of q?
11, 41
Let f(g) = -3*g**2 + 26*g - 17. Let p(x) = -3*x**2 + 27*x - 15. Let l(h) = -4*f(h) + 3*p(h). List the prime factors of l(16).
3, 47
Suppose 12 + 36 = -6*n. Let c(r) = -r**2 - r + 56. Let b be c(n). Suppose -3*x + 768 = -b*x. List the prime factors of x.
2
Let s(d) = d. Let h(j) = 4*j - 9. Let g(c) = -h(c) - 6*s(c). Let q(t) = t**3 - 7*t**2 - 8*t - 9. Let k be q(8). What are the prime factors of g(k)?
3, 11
Suppose -3*j = g + 9, 5*j - 6 = 3*g + 21. Let a = 153 + g. Suppose 0 = -z + 5*z - a. What are the prime factors of z?
2, 3
Suppose -2*t + 0 = -6. Suppose 0 = 4*x + 2*w + 10, -8 = 3*x + w - t. Suppose -6 = -0*i - 2*i, -2*v + 5*i + 79 = x. What are the prime factors of v?
47
Suppose 0 = d, -2*g + 4*g - d = 486. Suppose -1149 = -10*o + 5*o + 3*q, g = o - 5*q. Suppose c = 4*x - 1007, x = c + 4*c + o. List the prime factors of x.
11, 23
Suppose 1176 = 29*w - 22*w. List the prime factors of w + 1472 + -1*(1 - 3).
2, 821
Let s = 4821 - -296. What are the prime factors of s?
7, 17, 43
Let s(i) = i**2 - 4*i - 6. Let q be s(5). Suppose 12*h = 10*h - 2*g - 4, -5*h - 15 = 4*g. What are the prime factors of (-3 + -3 - -2 - q)*h?
3, 7
Suppose 189*f = 188*f + 6. Let y be (-3 - 9) + -3 + f. What are the prime factors of y/(3 - 90/25)?
3, 5
Suppose 48*o - 273992 = -80*o + 869816. List the prime factors of o.
2, 1117
Let g be (-20)/(-25)*-2*10/(-8). Suppose -6 = -3*l, 5*l - 4 - 6 = -g*k. Suppose 5*n = -z + 145, -z + k*z + 154 = 2*n. What are the prime factors of z?
2, 5
Let n(k) = k**2 + 128*k - 5867. Let w be n(36). Let x = 15 - 26. Let r = w - x. What are the prime factors of r?
2, 3
Suppose 0 = 3*r - 5*h - 7308, 5*h = 4*r - 4241 - 5508. What are the prime factors of r?
2441
Suppose -126*o = -113*o + 767. Let h(w) = 14*w + 12. Let y be h(9). Let q = y + o. List the prime factors of q.
79
Let z be (0 - (-10)/(-6) - 298/(-447))*13. Let x(h) = -h**3 + 4*h**2 - 4. Let f be x(4). List the prime factors of z/((-52)/24) + f.
2
Let o(g) = -g + 6. Let w = 2 + 10. Let m be o(w). Let d = 11 + m. List the prime factors of d.
5
Suppose 3*d + 21100 = -17*d. Let v = d - -1509. List the prime factors of v.
2, 227
Suppose -704 = -2*m - 4*n, 4*m - n - 1348 = 3*n. What are the prime factors of (-3131)/(-6) + 57/m?
2, 3, 29
What are the prime factors of (-69)/46*(-7)/((-21)/(-27210))?
3, 5, 907
Suppose -5*j = 2*h - 0*j - 91, 5*j = 15. Suppose h*i - 16560 = 6392. List the prime factors of i.
2, 151
Let c(z) = -339*z - 1394. List the prime factors of c(-23).
19, 337
Suppose 1950 + 585 = -5*z. Suppose 113*s = 17*s - 27*s - 35670. Let v = s - z. List the prime factors of v.
7, 31
Let u(b) = -b + 14. Let n be u(-1). Suppose n*m = 16*m - 749. List the prime factors of m.
7, 107
Let i(h) = 58*h + 6639. List the prime factors of i(0).
3, 2213
Suppose 26 = 4*f + a + 6, -a = 0. Suppose -f*t - 1298 = 5*m - 3793, 4*t = 4*m + 1956. What are the prime factors of t?
2, 13, 19
Let d(f) = f**3 - 8*f**2 + 2*f - 12. Let b be d(8). Suppose -b*u + 2*u = -14. Suppose u*h + 192 = 696. List the prime factors of h.
2, 3
Let v(h) = -4*h - 7. Suppose -16*c - 30 = -6*c. Let n be v(c). Suppose m = 11 + n. List the prime factors of m.
2
What are the prime factors of ((-2)/4)/(130/104455*1/(-4))?
1607
What are the prime factors of 30640*((-603)/(-134) + -1 + 1*-3)?
2, 5, 383
Let g(p) = -p**3 + 69*p**2 + 23*p + 66. What are the prime factors of g(-23)?
5, 31, 311
Let p(g) = 7744*g - 292. List the prime factors of p(1).
2, 3, 23
Let k(n) = 997*n - 5679. List the prime factors of k(30).
3, 41, 197
Suppose -l - 3542 + 13564 = 2*u, 5*l - 50158 = 2*u. What are the prime factors of l?
2, 5, 17, 59
Suppose -d - 4 = -8, -3*d + 254 = -n. Let k = -164 - n. Suppose -k*j = -80*j + 166. List the prime factors of j.
83
Suppose 4*s - 483 = 3*z - 0*s, 2*z + 322 = 5*s. Suppose 10*j - 2556 = 84. Let d = z + j. What are the prime factors of d?
103
Let o(h) = -584*h + 10667. What are the prime factors of o(13)?
3, 5, 41
Let d(s) = -7*s**2 - 12*s + 42. Let n be d(-12). Let b = n + 1452. List the prime factors of b.
2, 3, 5, 7
Let u(d) be the second derivative of d**3 + 10*d**2 - 44*d. Let s be u(-5). What are the prime factors of 125/s*1*-4?
2, 5
What are the prime factors of -9 + (30987/(-165))/(4/(-860))?
2, 3, 29
Suppose g = -4*w + 9*w - 36300, -21780 = -3*w - g. List the prime factors of w.
2, 3, 5, 11
Suppose -734*r = -787*r + 370364. List the prime factors of r.
2, 1747
Suppose 3*b = -2*b - 20, 314 = w + 5*b. Suppose 7*c + 289 = -1370. Let x = w + c. What are the prime factors of x?
97
List the prime factors of (2 + 85/(-34))*-36004.
2, 9001
Suppose 4*p = -4*x + 8*x - 71752, 17950 = x - 5*p. What are the prime factors of x?
5, 17, 211
Suppose 2*c = 4*z - 22738, -4*z = -z - 5*c - 17057. What are the prime factors of z?
2, 7, 29
Let j = -495 - -490. Let y be 2/(-1) - (0 + -36). Let w = y - j. List the prime factors of w.
3, 13
Let t = -222 + 377. Let c = 381 - t. What are the prime factors of c?
2, 113
Let f = -39 + 56. Suppose 6*s - 8 = 2*s, 310 = 4*v + s. Suppose -4*a = f - v. What are the prime factors of a?
3, 5
Let a = -4 + 6. Let d be (-176)/(-4) + (2 + 1 - a). Suppose -4*s = -2*w + 78, -4*s + 52 = 3*w - d. What are the prime factors of w?
5, 7
Let u = 46005 + -25041. List the prime factors of u.
2, 3, 1747
Suppose 12*m = -12*m - 24. Let y(b) = -554*b + 4. List the prime factors of y(m).
2, 3, 31
Suppose 0 = 15*a + 4*w - 310053, 2*w + 20677 = -4*a + 5*a. List the prime factors of a.
7, 2953
List the prime factors of (-1)/((-5)/(-20065)*((-45)/(-85))/(-9)).
17, 4013
Let q = -178 + 187. List the prime factors of 746/2 - (-5 + q).
3, 41
Let r(v) = -14*v - 582. Let n be r(-39). Let a = 18 - -44. Let q = a + n. List the prime factors of q.
2, 13
Suppose 9*h = 58238 - 6371. What are the prime factors of h?
3, 17, 113
Let p be (5/(-15))/(2/(-666)). Let b be (-4)/20 - (-14)/(-20)*-6. Suppose 0 = l + b*v + 2 - p, 0 = l + 3*v - 112. What are the prime factors of l?
11
What are the prime factors of 7/14 - (2/6 + 850167/(-54))?
2, 3, 41
Let u(v) = -v + 7. Let q be u(5). What are the prime factors of 1*(2/(-2) + q)*198?
2, 3, 11
Suppose -y - 2*y + 5*i + 454 = 0, -3*i - 598 = -4*y. Suppose -3*u = -9, 5*u - 7 = -4*h + y. List the prime factors of (-3)/(-15) - (-2618)/h.
3, 5
Let w = -629 + 61. Let x = -402 - w. Suppose x = 9*l - 158. List the prime factors of l.
2, 3
Suppose -3*t - 7 = 2*s, -4*t = -t + 5*s + 22. Let u be 2 + -7 + t/(-1). What are the prime factors of ((-56)/u)/((-42)/(-63))?
2, 7
Let f(q) = -q**3 - 13*q**2 + 14*q + 2. Let m be f(-14). Let y be (-2)/5 - m/(60/(-8202)). Suppose -4*p + 79 = -y. What are the prime factors of p?
2, 11
Let p = 24903 + -13758. List the prime factors of p.
3, 5, 743
Suppose 10*n - 3*n - 1316 = 0. What are the prime factors of (16/(-4))/((-16)/n)?
47
Let q(z) = 513*z + 6161. List the prime factors of q(10).
7, 1613
Suppose 11*b = 10*b + 4. Suppose -2*n - b*w = -3582, -155*w - 7119 = -4*n - 154*w. List the prime factors of n.
13, 137
Suppose 5*i - 46 = -6. Suppose -i*a - 8 = 16. What are the prime factors of (-1)/(-2)*-2 - (-26 + a)?
2, 7
Suppose 2*i + 45 = 39. Let g be i/12 - 13/(-4). Suppose -21 = -4*b + 5*s + 37, 4*b - 42 = -g*s. List the prime factors of b.
2, 3
Suppose -4*w = r - 45, 5*r - w = -5*w + 241. Let z = 35 - r. List the prime factors of 16*z/(-8)*1.
2, 7
Suppose 17*o + 2 = 18*o. Suppose 0*i + i = o, 4*i = -w + 260. Let z = -142 + w. What are the prime factors of z?
2, 5, 11
Let w = -3941 + 22339. What are the prime factors of w?
2, 9199
Let n(y) = 148 + 0*y - 2*y + 74 - 16. Let x(f) = f**2 + 30*f - 31. Let k be x(-31). List the prime factors of n(k).
2, 103
Let o(a) = 3*a + 10803 - 6*a**2 - 10799 - a + 11*a**3. List the prime factors of o(3).
11, 23
Let p(h) = -3*h - 14. Let l be